07
What are the prime factors of 5093188?
2, 739, 1723
List the prime factors of 244505.
5, 79, 619
What are the prime factors of 1057005?
3, 5, 83, 283
What are the prime factors of 5195459?
5195459
List the prime factors of 73406.
2, 17, 127
What are the prime factors of 5120497?
991, 5167
What are the prime factors of 1469573?
7, 209939
List the prime factors of 466114.
2, 11, 21187
List the prime factors of 28744929.
3, 19, 137, 409
List the prime factors of 936993.
3, 312331
What are the prime factors of 1724440?
2, 5, 19, 2269
What are the prime factors of 324760?
2, 5, 23, 353
What are the prime factors of 20883969?
3, 1453, 1597
List the prime factors of 20955260.
2, 5, 1047763
List the prime factors of 223056.
2, 3, 1549
What are the prime factors of 173284?
2, 43321
List the prime factors of 35274.
2, 3, 5879
List the prime factors of 132107.
17, 19, 409
List the prime factors of 182235.
3, 5, 12149
What are the prime factors of 742181?
11, 109, 619
List the prime factors of 161139.
3, 11, 19, 257
List the prime factors of 2485684.
2, 83, 7487
What are the prime factors of 2960532?
2, 3, 82237
List the prime factors of 86719.
86719
List the prime factors of 5441826.
2, 3, 13, 69767
List the prime factors of 444161.
541, 821
List the prime factors of 1552215.
3, 5, 7, 14783
List the prime factors of 13007803.
2069, 6287
List the prime factors of 3874008.
2, 3, 31, 41, 127
List the prime factors of 203805.
3, 5, 7, 647
What are the prime factors of 413289?
3, 15307
What are the prime factors of 1398107?
1398107
What are the prime factors of 125770?
2, 5, 12577
List the prime factors of 7802203.
7802203
List the prime factors of 9998668.
2, 2499667
What are the prime factors of 2852725?
5, 53, 2153
List the prime factors of 114347.
29, 3943
List the prime factors of 3666768.
2, 3, 7, 1559
What are the prime factors of 1211391?
3, 281, 479
List the prime factors of 688757.
688757
What are the prime factors of 297289?
297289
List the prime factors of 6896581.
389, 17729
What are the prime factors of 1409483?
47, 29989
What are the prime factors of 1499720?
2, 5, 37493
What are the prime factors of 4823452?
2, 283, 4261
List the prime factors of 2084807.
73, 28559
List the prime factors of 5871321.
3, 652369
List the prime factors of 1645271.
691, 2381
What are the prime factors of 22303?
22303
List the prime factors of 1185827.
1185827
List the prime factors of 707487.
3, 11, 1949
What are the prime factors of 952574?
2, 7, 68041
List the prime factors of 322392.
2, 3, 7, 19, 101
What are the prime factors of 401694?
2, 3, 66949
What are the prime factors of 1991115?
3, 5, 7, 43
List the prime factors of 2426565.
3, 5, 161771
List the prime factors of 6500750.
2, 5, 26003
List the prime factors of 4483698.
2, 3, 747283
What are the prime factors of 1537078?
2, 43, 61, 293
List the prime factors of 619015.
5, 123803
List the prime factors of 459753.
3, 7, 21893
List the prime factors of 1877278.
2, 13, 103, 701
List the prime factors of 3096604.
2, 7, 37, 61
List the prime factors of 8790616.
2, 19, 151, 383
List the prime factors of 6206334.
2, 3, 41, 25229
List the prime factors of 208306.
2, 7, 14879
What are the prime factors of 620078?
2, 29, 10691
List the prime factors of 630497.
7, 90071
What are the prime factors of 5296313?
11, 83, 5801
List the prime factors of 2490927.
3, 830309
List the prime factors of 293324.
2, 73331
List the prime factors of 3739210.
2, 5, 199, 1879
List the prime factors of 181377.
3, 7, 2879
What are the prime factors of 816175?
5, 32647
List the prime factors of 1936295.
5, 271, 1429
What are the prime factors of 32420959?
32420959
What are the prime factors of 664235?
5, 11, 13, 929
List the prime factors of 1259055.
3, 5, 7, 571
What are the prime factors of 1181672?
2, 147709
List the prime factors of 2143931.
41, 52291
List the prime factors of 36592.
2, 2287
List the prime factors of 20029912.
2, 7, 357677
What are the prime factors of 198451?
11, 18041
List the prime factors of 1063662.
2, 3, 29, 6113
What are the prime factors of 11669403?
3, 3889801
What are the prime factors of 198754?
2, 99377
What are the prime factors of 87908?
2, 21977
What are the prime factors of 441317?
223, 1979
List the prime factors of 21033351.
3, 101, 857
List the prime factors of 727932.
2, 3, 60661
What are the prime factors of 183227?
11, 16657
What are the prime factors of 26281012?
2, 6570253
What are the prime factors of 89523?
3, 7, 29
List the prime factors of 1490125.
5, 7, 13, 131
What are the prime factors of 240237?
3, 26693
List the prime factors of 292542.
2, 3, 48757
List the prime factors of 437093.
437093
List the prime factors of 216372.
2, 3, 13, 19, 73
What are the prime factors of 748857?
3, 23, 10853
List the prime factors of 337041.
3, 19, 73
List the prime factors of 157340.
2, 5, 7867
List the prime factors of 1943751.
3, 647917
What are the prime factors of 18655506?
2, 3, 197, 5261
List the prime factors of 1563288.
2, 3, 53, 1229
List the prime factors of 255753.
3, 157, 181
List the prime factors of 463698.
2, 3, 31, 277
List the prime factors of 9714282.
2, 3, 19, 85213
What are the prime factors of 217252?
2, 7, 7759
What are the prime factors of 1580448?
2, 3, 101, 163
List the prime factors of 177835.
5, 7, 5081
What are the prime factors of 870743?
870743
List the prime factors of 677555.
5, 135511
What are the prime factors of 5141321?
5141321
List the prime factors of 6544012.
2, 73, 307
List the prime factors of 11414199.
3, 59, 1093
What are the prime factors of 306861?
3, 233, 439
What are the prime factors of 176330?
2, 5, 7, 11, 229
List the prime factors of 1316651.
7, 239, 787
List the prime factors of 5311744.
2, 20749
List the prime factors of 15161247.
3, 523, 3221
What are the prime factors of 142216?
2, 29, 613
What are the prime factors of 159380?
2, 5, 13, 613
What are the prime factors of 203060?
2, 5, 11, 13, 71
List the prime factors of 386930.
2, 5, 38693
What are the prime factors of 10090385?
5, 2018077
What are the prime factors of 5799632?
2, 131, 2767
List the prime factors of 232077.
3, 77359
List the prime factors of 5361513.
3, 227, 7873
What are the prime factors of 84220?
2, 5, 4211
List the prime factors of 5643121.
11, 359, 1429
What are the prime factors of 262046?
2, 131023
What are the prime factors of 518104?
2, 64763
List the prime factors of 1013455.
5, 17, 11923
List the prime factors of 3032196.
2, 3, 41, 6163
What are the prime factors of 4719008?
2, 7, 21067
List the prime factors of 14324515.
5, 23, 124561
What are the prime factors of 26491791?
3, 23, 16693
List the prime factors of 1332557.
1332557
What are the prime factors of 1724017?
79, 139, 157
List the prime factors of 8464252.
2, 2116063
List the prime factors of 571045.
5, 19, 6011
List the prime factors of 25223739.
3, 31, 59, 4597
What are the prime factors of 6851523?
3, 7, 127, 367
List the prime factors of 56.
2, 7
List the prime factors of 522501.
3, 7, 139, 179
List the prime factors of 102394.
2, 51197
What are the prime factors of 280601?
277, 1013
List the prime factors of 5574007.
1951, 2857
List the prime factors of 493808.
2, 7, 4409
What are the prime factors of 195680?
2, 5, 1223
List the prime factors of 959754.
2, 3, 103, 1553
What are the prime factors of 5562279?
3, 618031
List the prime factors of 7105123.
1151, 6173
What are the prime factors of 2424516?
2, 3, 29, 6967
What are the prime factors of 2842453?
503, 5651
List the prime factors of 5847080.
2, 5, 127, 1151
What are the prime factors of 170594?
2, 85297
List the prime factors of 583160.
2, 5, 61, 239
What are the prime factors of 1098860?
2, 5, 7, 47, 167
List the prime factors of 2125190.
2, 5, 223, 953
List the prime factors of 2163528.
2, 3, 151, 199
What are the prime factors of 1164150?
2, 3, 5, 13, 199
What are the prime factors of 215451?
3, 37, 647
List the prime factors of 15167211.
3, 97, 52121
What are the prime factors of 909673?
23, 39551
List the prime factors of 3346269.
3, 113, 9871
What are the prime factors of 21168377?
47, 450391
List the prime factors of 1027216.
2, 19, 31, 109
List the prime factors of 1815758.
2, 7, 23, 5639
List the prime factors of 14130.
2, 3, 5, 157
Lis